{"id":3061,"date":"2021-09-24T01:00:43","date_gmt":"2021-09-24T01:00:43","guid":{"rendered":"https:\/\/www.muniolopa.gob.gt\/?page_id=3061"},"modified":"2024-04-17T21:03:34","modified_gmt":"2024-04-17T21:03:34","slug":"3061-2","status":"publish","type":"page","link":"https:\/\/www.muniolopa.gob.gt\/index.php\/3061-2\/","title":{"rendered":""},"content":{"rendered":"<h2 class=\"header\" style=\"text-align: center;\">Direcci\u00f3n Municipal de la Mujer<\/h2>\n<p><img fetchpriority=\"high\" decoding=\"async\" class=\"wp-image-9569 aligncenter\" src=\"https:\/\/www.muniolopa.gob.gt\/wp-content\/uploads\/2024\/04\/photo_4974238579299560344_y-300x225.jpg\" alt=\"\" width=\"855\" height=\"641\" srcset=\"https:\/\/www.muniolopa.gob.gt\/wp-content\/uploads\/2024\/04\/photo_4974238579299560344_y-300x225.jpg 300w, https:\/\/www.muniolopa.gob.gt\/wp-content\/uploads\/2024\/04\/photo_4974238579299560344_y-1024x768.jpg 1024w, https:\/\/www.muniolopa.gob.gt\/wp-content\/uploads\/2024\/04\/photo_4974238579299560344_y.jpg 1280w\" sizes=\"(max-width: 855px) 100vw, 855px\" \/><\/p>\n<p style=\"text-align: justify;\"><strong>FUNCIONES DIRECCION MUNICIPAL DE LA MUJER<\/strong><\/p>\n<ul>\n<li style=\"text-align: justify;\">Pretende responder a la problem\u00e1tica social de las mujeres desarrollando sus potencialidades para su mejoramiento econ\u00f3mico, social y productivo con igualdad de g\u00e9nero. Dise\u00f1ando y facilitando espacios de participaci\u00f3n que respondan a sus expectativas de liderazgo y desarrollo comunitario.<\/li>\n<li style=\"text-align: justify;\">Promover las capacidades productivas de las mujeres contibuyendo a su mejor calidad de vida.<\/li>\n<li style=\"text-align: justify;\">Apoyar a las mujeres en situaciones de riesgo mediante la prevenci\u00f3n de la violencia en coordinaci\u00f3n con entes especializados para la atenci\u00f3n de esta.<\/li>\n<li style=\"text-align: justify;\">Capacitaci\u00f3n t\u00e9nica prodictiva desarrolla y\/o potencializa habilidades tecnicas de las mujeres, al promover cursos de capacitaci\u00f3n en diferentes \u00e1res productivas que les permitan acceder al campo laboral y al microemprendimiento.<\/li>\n<li style=\"text-align: justify;\">Se propone facilitar un proceso de formaci\u00f3n vivencial de liderazgo y organizaci\u00f3n, socializaci\u00f3n, violencia, sexualidad, identidad, comunicaci\u00f3n y g\u00e9nero; herramientas de planificaci\u00f3n participativa, negociaci\u00f3n y resoluci\u00f3n de conflictos.<\/li>\n<li style=\"text-align: justify;\">Fortalecer las capacidades humanas de organizaci\u00f3n y liderazgo de las mujeres, a trav\u00e9s de capacitaci\u00f3n y espacios de participaci\u00f3n.<\/li>\n<\/ul>\n<div class=\"pvc_clear\"><\/div>\n<p id=\"pvc_stats_3061\" class=\"pvc_stats all  \" data-element-id=\"3061\" style=\"\"><i class=\"pvc-stats-icon medium\" aria-hidden=\"true\"><svg aria-hidden=\"true\" focusable=\"false\" data-prefix=\"far\" data-icon=\"chart-bar\" role=\"img\" xmlns=\"http:\/\/www.w3.org\/2000\/svg\" viewBox=\"0 0 512 512\" class=\"svg-inline--fa fa-chart-bar fa-w-16 fa-2x\"><path fill=\"currentColor\" d=\"M396.8 352h22.4c6.4 0 12.8-6.4 12.8-12.8V108.8c0-6.4-6.4-12.8-12.8-12.8h-22.4c-6.4 0-12.8 6.4-12.8 12.8v230.4c0 6.4 6.4 12.8 12.8 12.8zm-192 0h22.4c6.4 0 12.8-6.4 12.8-12.8V140.8c0-6.4-6.4-12.8-12.8-12.8h-22.4c-6.4 0-12.8 6.4-12.8 12.8v198.4c0 6.4 6.4 12.8 12.8 12.8zm96 0h22.4c6.4 0 12.8-6.4 12.8-12.8V204.8c0-6.4-6.4-12.8-12.8-12.8h-22.4c-6.4 0-12.8 6.4-12.8 12.8v134.4c0 6.4 6.4 12.8 12.8 12.8zM496 400H48V80c0-8.84-7.16-16-16-16H16C7.16 64 0 71.16 0 80v336c0 17.67 14.33 32 32 32h464c8.84 0 16-7.16 16-16v-16c0-8.84-7.16-16-16-16zm-387.2-48h22.4c6.4 0 12.8-6.4 12.8-12.8v-70.4c0-6.4-6.4-12.8-12.8-12.8h-22.4c-6.4 0-12.8 6.4-12.8 12.8v70.4c0 6.4 6.4 12.8 12.8 12.8z\" class=\"\"><\/path><\/svg><\/i> <img decoding=\"async\" width=\"16\" height=\"16\" alt=\"Loading\" src=\"https:\/\/www.muniolopa.gob.gt\/wp-content\/plugins\/page-views-count\/ajax-loader-2x.gif\" border=0 \/><\/p>\n<div class=\"pvc_clear\"><\/div>\n","protected":false},"excerpt":{"rendered":"<p>Direcci\u00f3n Municipal de la Mujer FUNCIONES DIRECCION MUNICIPAL DE LA MUJER Pretende responder a la problem\u00e1tica social de las mujeres desarrollando sus potencialidades para su mejoramiento econ\u00f3mico, social y productivo con igualdad de g\u00e9nero. Dise\u00f1ando y facilitando espacios de participaci\u00f3n que respondan a sus expectativas de liderazgo y desarrollo comunitario. Promover las capacidades productivas de [&hellip;]<\/p>\n<div class=\"pvc_clear\"><\/div>\n<p id=\"pvc_stats_3061\" class=\"pvc_stats all  \" data-element-id=\"3061\" style=\"\"><i class=\"pvc-stats-icon medium\" aria-hidden=\"true\"><svg aria-hidden=\"true\" focusable=\"false\" data-prefix=\"far\" data-icon=\"chart-bar\" role=\"img\" xmlns=\"http:\/\/www.w3.org\/2000\/svg\" viewBox=\"0 0 512 512\" class=\"svg-inline--fa fa-chart-bar fa-w-16 fa-2x\"><path fill=\"currentColor\" d=\"M396.8 352h22.4c6.4 0 12.8-6.4 12.8-12.8V108.8c0-6.4-6.4-12.8-12.8-12.8h-22.4c-6.4 0-12.8 6.4-12.8 12.8v230.4c0 6.4 6.4 12.8 12.8 12.8zm-192 0h22.4c6.4 0 12.8-6.4 12.8-12.8V140.8c0-6.4-6.4-12.8-12.8-12.8h-22.4c-6.4 0-12.8 6.4-12.8 12.8v198.4c0 6.4 6.4 12.8 12.8 12.8zm96 0h22.4c6.4 0 12.8-6.4 12.8-12.8V204.8c0-6.4-6.4-12.8-12.8-12.8h-22.4c-6.4 0-12.8 6.4-12.8 12.8v134.4c0 6.4 6.4 12.8 12.8 12.8zM496 400H48V80c0-8.84-7.16-16-16-16H16C7.16 64 0 71.16 0 80v336c0 17.67 14.33 32 32 32h464c8.84 0 16-7.16 16-16v-16c0-8.84-7.16-16-16-16zm-387.2-48h22.4c6.4 0 12.8-6.4 12.8-12.8v-70.4c0-6.4-6.4-12.8-12.8-12.8h-22.4c-6.4 0-12.8 6.4-12.8 12.8v70.4c0 6.4 6.4 12.8 12.8 12.8z\" class=\"\"><\/path><\/svg><\/i> <img decoding=\"async\" width=\"16\" height=\"16\" alt=\"Loading\" src=\"https:\/\/www.muniolopa.gob.gt\/wp-content\/plugins\/page-views-count\/ajax-loader-2x.gif\" border=0 \/><\/p>\n<div class=\"pvc_clear\"><\/div>\n","protected":false},"author":1,"featured_media":0,"parent":0,"menu_order":0,"comment_status":"closed","ping_status":"closed","template":"","meta":{"footnotes":""},"class_list":["post-3061","page","type-page","status-publish","hentry"],"_links":{"self":[{"href":"https:\/\/www.muniolopa.gob.gt\/index.php\/wp-json\/wp\/v2\/pages\/3061","targetHints":{"allow":["GET"]}}],"collection":[{"href":"https:\/\/www.muniolopa.gob.gt\/index.php\/wp-json\/wp\/v2\/pages"}],"about":[{"href":"https:\/\/www.muniolopa.gob.gt\/index.php\/wp-json\/wp\/v2\/types\/page"}],"author":[{"embeddable":true,"href":"https:\/\/www.muniolopa.gob.gt\/index.php\/wp-json\/wp\/v2\/users\/1"}],"replies":[{"embeddable":true,"href":"https:\/\/www.muniolopa.gob.gt\/index.php\/wp-json\/wp\/v2\/comments?post=3061"}],"version-history":[{"count":2,"href":"https:\/\/www.muniolopa.gob.gt\/index.php\/wp-json\/wp\/v2\/pages\/3061\/revisions"}],"predecessor-version":[{"id":9570,"href":"https:\/\/www.muniolopa.gob.gt\/index.php\/wp-json\/wp\/v2\/pages\/3061\/revisions\/9570"}],"wp:attachment":[{"href":"https:\/\/www.muniolopa.gob.gt\/index.php\/wp-json\/wp\/v2\/media?parent=3061"}],"curies":[{"name":"wp","href":"https:\/\/api.w.org\/{rel}","templated":true}]}}