{"id":359,"date":"2019-04-26T19:20:58","date_gmt":"2019-04-26T19:20:58","guid":{"rendered":"https:\/\/zephys.la-studioweb.com\/?page_id=359"},"modified":"2026-01-09T17:51:20","modified_gmt":"2026-01-09T17:51:20","slug":"home-10","status":"publish","type":"page","link":"https:\/\/www.muniolopa.gob.gt\/","title":{"rendered":"Home 10"},"content":{"rendered":"\t\t<div data-elementor-type=\"wp-post\" data-elementor-id=\"359\" class=\"elementor elementor-359\">\n\t\t\t\t\t\t<section class=\"elementor-section elementor-top-section elementor-element elementor-element-b385cf0 elementor-section-full_width elementor-section-height-default elementor-section-height-default\" data-id=\"b385cf0\" data-element_type=\"section\">\n\t\t\t\t\t\t<div class=\"elementor-container elementor-column-gap-default\">\n\t\t\t\t\t<div class=\"elementor-column elementor-col-100 elementor-top-column elementor-element elementor-element-0a9763d\" data-id=\"0a9763d\" data-element_type=\"column\">\n\t\t\t<div class=\"elementor-widget-wrap elementor-element-populated\">\n\t\t\t\t\t\t<div class=\"elementor-element elementor-element-ab3437a elementor--h-position-center elementor--v-position-middle elementor-arrows-position-inside elementor-pagination-position-inside elementor-widget elementor-widget-slides\" data-id=\"ab3437a\" data-element_type=\"widget\" data-settings=\"{&quot;navigation&quot;:&quot;both&quot;,&quot;autoplay&quot;:&quot;yes&quot;,&quot;pause_on_hover&quot;:&quot;yes&quot;,&quot;pause_on_interaction&quot;:&quot;yes&quot;,&quot;autoplay_speed&quot;:5000,&quot;infinite&quot;:&quot;yes&quot;,&quot;transition&quot;:&quot;slide&quot;,&quot;transition_speed&quot;:500}\" data-widget_type=\"slides.default\">\n\t\t\t\t<div class=\"elementor-widget-container\">\n\t\t\t\t\t<div class=\"elementor-swiper\">\n\t\t\t<div class=\"elementor-slides-wrapper elementor-main-swiper swiper\" dir=\"ltr\" data-animation=\"\">\n\t\t\t\t<div class=\"swiper-wrapper elementor-slides\">\n\t\t\t\t\t\t\t\t\t\t<div class=\"elementor-repeater-item-b58c64d swiper-slide\"><div class=\"swiper-slide-bg elementor-ken-burns elementor-ken-burns--out\"><\/div><div class=\"swiper-slide-inner\" ><div class=\"swiper-slide-contents\"><\/div><\/div><\/div>\t\t\t\t<\/div>\n\t\t\t\t\t\t\t<\/div>\n\t\t<\/div>\n\t\t\t\t<\/div>\n\t\t\t\t<\/div>\n\t\t\t\t\t<\/div>\n\t\t<\/div>\n\t\t\t\t\t<\/div>\n\t\t<\/section>\n\t\t\t\t<section class=\"elementor-section elementor-top-section elementor-element elementor-element-89316b5 elementor-section-boxed elementor-section-height-default elementor-section-height-default\" data-id=\"89316b5\" data-element_type=\"section\">\n\t\t\t\t\t\t<div class=\"elementor-container elementor-column-gap-default\">\n\t\t\t\t\t<div class=\"elementor-column elementor-col-100 elementor-top-column elementor-element elementor-element-d8b018a\" data-id=\"d8b018a\" data-element_type=\"column\">\n\t\t\t<div class=\"elementor-widget-wrap elementor-element-populated\">\n\t\t\t\t\t\t<div class=\"elementor-element elementor-element-dcf0204 elementor-widget elementor-widget-heading\" data-id=\"dcf0204\" data-element_type=\"widget\" data-widget_type=\"heading.default\">\n\t\t\t\t<div class=\"elementor-widget-container\">\n\t\t\t<h2 class=\"elementor-heading-title elementor-size-default\">Ultimas Noticias<\/h2>\t\t<\/div>\n\t\t\t\t<\/div>\n\t\t\t\t\t<\/div>\n\t\t<\/div>\n\t\t\t\t\t<\/div>\n\t\t<\/section>\n\t\t\t\t<section class=\"elementor-section elementor-top-section elementor-element elementor-element-91fb5ab elementor-section-boxed elementor-section-height-default elementor-section-height-default\" data-id=\"91fb5ab\" data-element_type=\"section\">\n\t\t\t\t\t\t<div class=\"elementor-container elementor-column-gap-default\">\n\t\t\t\t\t<div class=\"elementor-column elementor-col-100 elementor-top-column elementor-element elementor-element-60b87be\" data-id=\"60b87be\" data-element_type=\"column\">\n\t\t\t<div class=\"elementor-widget-wrap elementor-element-populated\">\n\t\t\t\t\t\t<div class=\"elementor-element elementor-element-36874fa elementor-widget elementor-widget-spacer\" data-id=\"36874fa\" data-element_type=\"widget\" data-widget_type=\"spacer.default\">\n\t\t\t\t<div class=\"elementor-widget-container\">\n\t\t\t\t\t<div class=\"elementor-spacer\">\n\t\t\t<div class=\"elementor-spacer-inner\"><\/div>\n\t\t<\/div>\n\t\t\t\t<\/div>\n\t\t\t\t<\/div>\n\t\t\t\t<div class=\"elementor-element elementor-element-839bc15 elementor-grid-4 elementor-grid-tablet-2 elementor-grid-mobile-1 elementor-posts--thumbnail-top elementor-card-shadow-yes elementor-posts__hover-gradient elementor-widget elementor-widget-posts\" data-id=\"839bc15\" data-element_type=\"widget\" data-settings=\"{&quot;cards_columns&quot;:&quot;4&quot;,&quot;cards_columns_tablet&quot;:&quot;2&quot;,&quot;cards_columns_mobile&quot;:&quot;1&quot;,&quot;cards_row_gap&quot;:{&quot;unit&quot;:&quot;px&quot;,&quot;size&quot;:35,&quot;sizes&quot;:[]},&quot;cards_row_gap_laptop&quot;:{&quot;unit&quot;:&quot;px&quot;,&quot;size&quot;:&quot;&quot;,&quot;sizes&quot;:[]},&quot;cards_row_gap_tablet&quot;:{&quot;unit&quot;:&quot;px&quot;,&quot;size&quot;:&quot;&quot;,&quot;sizes&quot;:[]},&quot;cards_row_gap_mobile_extra&quot;:{&quot;unit&quot;:&quot;px&quot;,&quot;size&quot;:&quot;&quot;,&quot;sizes&quot;:[]},&quot;cards_row_gap_mobile&quot;:{&quot;unit&quot;:&quot;px&quot;,&quot;size&quot;:&quot;&quot;,&quot;sizes&quot;:[]}}\" data-widget_type=\"posts.cards\">\n\t\t\t\t<div class=\"elementor-widget-container\">\n\t\t\t\t\t<div class=\"elementor-posts-container elementor-posts elementor-posts--skin-cards elementor-grid\">\n\t\t\t\t<article class=\"elementor-post elementor-grid-item post-11602 post type-post status-publish format-gallery has-post-thumbnail hentry category-noticias post_format-post-format-gallery\">\n\t\t\t<div class=\"elementor-post__card\">\n\t\t\t\t<a class=\"elementor-post__thumbnail__link\" href=\"https:\/\/www.muniolopa.gob.gt\/index.php\/2025\/02\/03\/primera-reunion-ordinaria-de-la-comusan\/\" ><div class=\"elementor-post__thumbnail\"><img fetchpriority=\"high\" decoding=\"async\" width=\"300\" height=\"225\" src=\"https:\/\/www.muniolopa.gob.gt\/wp-content\/uploads\/2025\/02\/image0-36-300x225.jpeg\" class=\"attachment-medium size-medium wp-image-11607\" alt=\"\" srcset=\"https:\/\/www.muniolopa.gob.gt\/wp-content\/uploads\/2025\/02\/image0-36-300x225.jpeg 300w, https:\/\/www.muniolopa.gob.gt\/wp-content\/uploads\/2025\/02\/image0-36.jpeg 640w\" sizes=\"(max-width: 300px) 100vw, 300px\" \/><\/div><\/a>\n\t\t\t\t<div class=\"elementor-post__badge\">Noticias<\/div>\n\t\t\t\t<div class=\"elementor-post__text\">\n\t\t\t\t<h3 class=\"elementor-post__title\">\n\t\t\t<a href=\"https:\/\/www.muniolopa.gob.gt\/index.php\/2025\/02\/03\/primera-reunion-ordinaria-de-la-comusan\/\" >\n\t\t\t\tPrimera Reuni\u00f3n Ordinaria de la COMUSAN\t\t\t<\/a>\n\t\t<\/h3>\n\t\t\t\t<div class=\"elementor-post__excerpt\">\n\t\t\t<p>El d\u00eda viernes 31 de enero se llev\u00f3 a cabo la primera reuni\u00f3n ordinaria de la COMUSAN en la cual se dio a conocer la<\/p>\n\t\t<\/div>\n\t\t\n\t\t<a class=\"elementor-post__read-more\" href=\"https:\/\/www.muniolopa.gob.gt\/index.php\/2025\/02\/03\/primera-reunion-ordinaria-de-la-comusan\/\" aria-label=\"Read more about Primera Reuni\u00f3n Ordinaria de la COMUSAN\" >\n\t\t\tLeer m\u00e1s\t\t<\/a>\n\n\t\t\t\t<\/div>\n\t\t\t\t<div class=\"elementor-post__meta-data\">\n\t\t\t\t\t<span class=\"elementor-post-date\">\n\t\t\t3 de febrero de 2025\t\t<\/span>\n\t\t\t\t<span class=\"elementor-post-avatar\">\n\t\t\tNo hay comentarios\t\t<\/span>\n\t\t\t\t<\/div>\n\t\t\t\t\t<\/div>\n\t\t<\/article>\n\t\t\t\t<article class=\"elementor-post elementor-grid-item post-11599 post type-post status-publish format-gallery has-post-thumbnail hentry category-noticias post_format-post-format-gallery\">\n\t\t\t<div class=\"elementor-post__card\">\n\t\t\t\t<a class=\"elementor-post__thumbnail__link\" href=\"https:\/\/www.muniolopa.gob.gt\/index.php\/2025\/02\/03\/sabias-que\/\" ><div class=\"elementor-post__thumbnail\"><img decoding=\"async\" width=\"300\" height=\"252\" src=\"https:\/\/www.muniolopa.gob.gt\/wp-content\/uploads\/2025\/02\/image0-35-300x252.jpeg\" class=\"attachment-medium size-medium wp-image-11600\" alt=\"\" srcset=\"https:\/\/www.muniolopa.gob.gt\/wp-content\/uploads\/2025\/02\/image0-35-300x252.jpeg 300w, https:\/\/www.muniolopa.gob.gt\/wp-content\/uploads\/2025\/02\/image0-35.jpeg 640w\" sizes=\"(max-width: 300px) 100vw, 300px\" \/><\/div><\/a>\n\t\t\t\t<div class=\"elementor-post__badge\">Noticias<\/div>\n\t\t\t\t<div class=\"elementor-post__text\">\n\t\t\t\t<h3 class=\"elementor-post__title\">\n\t\t\t<a href=\"https:\/\/www.muniolopa.gob.gt\/index.php\/2025\/02\/03\/sabias-que\/\" >\n\t\t\t\t\u00bfSabias qu\u00e9?\t\t\t<\/a>\n\t\t<\/h3>\n\t\t\t\t<div class=\"elementor-post__excerpt\">\n\t\t\t<p>Importante saber sobre esta nueva normativa.<\/p>\n\t\t<\/div>\n\t\t\n\t\t<a class=\"elementor-post__read-more\" href=\"https:\/\/www.muniolopa.gob.gt\/index.php\/2025\/02\/03\/sabias-que\/\" aria-label=\"Read more about \u00bfSabias qu\u00e9?\" >\n\t\t\tLeer m\u00e1s\t\t<\/a>\n\n\t\t\t\t<\/div>\n\t\t\t\t<div class=\"elementor-post__meta-data\">\n\t\t\t\t\t<span class=\"elementor-post-date\">\n\t\t\t3 de febrero de 2025\t\t<\/span>\n\t\t\t\t<span class=\"elementor-post-avatar\">\n\t\t\tNo hay comentarios\t\t<\/span>\n\t\t\t\t<\/div>\n\t\t\t\t\t<\/div>\n\t\t<\/article>\n\t\t\t\t<article class=\"elementor-post elementor-grid-item post-11589 post type-post status-publish format-gallery has-post-thumbnail hentry category-educacion category-noticias post_format-post-format-gallery\">\n\t\t\t<div class=\"elementor-post__card\">\n\t\t\t\t<a class=\"elementor-post__thumbnail__link\" href=\"https:\/\/www.muniolopa.gob.gt\/index.php\/2025\/02\/03\/conmemoracion-del-dia-mundial-de-la-educacion-ambiental\/\" ><div class=\"elementor-post__thumbnail\"><img decoding=\"async\" width=\"300\" height=\"225\" src=\"https:\/\/www.muniolopa.gob.gt\/wp-content\/uploads\/2025\/02\/image7-12-300x225.jpeg\" class=\"attachment-medium size-medium wp-image-11590\" alt=\"\" srcset=\"https:\/\/www.muniolopa.gob.gt\/wp-content\/uploads\/2025\/02\/image7-12-300x225.jpeg 300w, https:\/\/www.muniolopa.gob.gt\/wp-content\/uploads\/2025\/02\/image7-12.jpeg 640w\" sizes=\"(max-width: 300px) 100vw, 300px\" \/><\/div><\/a>\n\t\t\t\t<div class=\"elementor-post__badge\">Educaci\u00f3n<\/div>\n\t\t\t\t<div class=\"elementor-post__text\">\n\t\t\t\t<h3 class=\"elementor-post__title\">\n\t\t\t<a href=\"https:\/\/www.muniolopa.gob.gt\/index.php\/2025\/02\/03\/conmemoracion-del-dia-mundial-de-la-educacion-ambiental\/\" >\n\t\t\t\tConmemoraci\u00f3n del D\u00eda Mundial de la Educaci\u00f3n Ambiental\t\t\t<\/a>\n\t\t<\/h3>\n\t\t\t\t<div class=\"elementor-post__excerpt\">\n\t\t\t<p>La Municipalidad de Olopa, en coordinaci\u00f3n con la Unidad de Gesti\u00f3n Ambiental Municipal (UGAM), el equipo de la Planta de Tratamiento de Desechos S\u00f3lidos y<\/p>\n\t\t<\/div>\n\t\t\n\t\t<a class=\"elementor-post__read-more\" href=\"https:\/\/www.muniolopa.gob.gt\/index.php\/2025\/02\/03\/conmemoracion-del-dia-mundial-de-la-educacion-ambiental\/\" aria-label=\"Read more about Conmemoraci\u00f3n del D\u00eda Mundial de la Educaci\u00f3n Ambiental\" >\n\t\t\tLeer m\u00e1s\t\t<\/a>\n\n\t\t\t\t<\/div>\n\t\t\t\t<div class=\"elementor-post__meta-data\">\n\t\t\t\t\t<span class=\"elementor-post-date\">\n\t\t\t3 de febrero de 2025\t\t<\/span>\n\t\t\t\t<span class=\"elementor-post-avatar\">\n\t\t\tNo hay comentarios\t\t<\/span>\n\t\t\t\t<\/div>\n\t\t\t\t\t<\/div>\n\t\t<\/article>\n\t\t\t\t<article class=\"elementor-post elementor-grid-item post-11578 post type-post status-publish format-gallery has-post-thumbnail hentry category-noticias post_format-post-format-gallery\">\n\t\t\t<div class=\"elementor-post__card\">\n\t\t\t\t<a class=\"elementor-post__thumbnail__link\" href=\"https:\/\/www.muniolopa.gob.gt\/index.php\/2025\/01\/22\/elaboracion-de-panqueques-con-los-ingredientes-de-nuestra-tierra\/\" ><div class=\"elementor-post__thumbnail\"><img loading=\"lazy\" decoding=\"async\" width=\"300\" height=\"225\" src=\"https:\/\/www.muniolopa.gob.gt\/wp-content\/uploads\/2025\/01\/image0-33-300x225.jpeg\" class=\"attachment-medium size-medium wp-image-11586\" alt=\"\" srcset=\"https:\/\/www.muniolopa.gob.gt\/wp-content\/uploads\/2025\/01\/image0-33-300x225.jpeg 300w, https:\/\/www.muniolopa.gob.gt\/wp-content\/uploads\/2025\/01\/image0-33.jpeg 640w\" sizes=\"(max-width: 300px) 100vw, 300px\" \/><\/div><\/a>\n\t\t\t\t<div class=\"elementor-post__badge\">Noticias<\/div>\n\t\t\t\t<div class=\"elementor-post__text\">\n\t\t\t\t<h3 class=\"elementor-post__title\">\n\t\t\t<a href=\"https:\/\/www.muniolopa.gob.gt\/index.php\/2025\/01\/22\/elaboracion-de-panqueques-con-los-ingredientes-de-nuestra-tierra\/\" >\n\t\t\t\tElaboraci\u00f3n de panqueques con los ingredientes de nuestra tierra\t\t\t<\/a>\n\t\t<\/h3>\n\t\t\t\t<div class=\"elementor-post__excerpt\">\n\t\t\t<p>La Direcci\u00f3n Municipal de La Mujer, imparti\u00f3 un peque\u00f1o taller en la comunidad de El Palmar, con un grupo de mujeres para ense\u00f1arles como aprovechar<\/p>\n\t\t<\/div>\n\t\t\n\t\t<a class=\"elementor-post__read-more\" href=\"https:\/\/www.muniolopa.gob.gt\/index.php\/2025\/01\/22\/elaboracion-de-panqueques-con-los-ingredientes-de-nuestra-tierra\/\" aria-label=\"Read more about Elaboraci\u00f3n de panqueques con los ingredientes de nuestra tierra\" >\n\t\t\tLeer m\u00e1s\t\t<\/a>\n\n\t\t\t\t<\/div>\n\t\t\t\t<div class=\"elementor-post__meta-data\">\n\t\t\t\t\t<span class=\"elementor-post-date\">\n\t\t\t22 de enero de 2025\t\t<\/span>\n\t\t\t\t<span class=\"elementor-post-avatar\">\n\t\t\tNo hay comentarios\t\t<\/span>\n\t\t\t\t<\/div>\n\t\t\t\t\t<\/div>\n\t\t<\/article>\n\t\t\t\t<article class=\"elementor-post elementor-grid-item post-11563 post type-post status-publish format-gallery has-post-thumbnail hentry category-noticias category-seguridad-alimentaria-y-nutricional post_format-post-format-gallery\">\n\t\t\t<div class=\"elementor-post__card\">\n\t\t\t\t<a class=\"elementor-post__thumbnail__link\" href=\"https:\/\/www.muniolopa.gob.gt\/index.php\/2025\/01\/22\/entrega-de-alimentos-al-tercer-grupo-de-olopenses\/\" ><div class=\"elementor-post__thumbnail\"><img loading=\"lazy\" decoding=\"async\" width=\"300\" height=\"225\" src=\"https:\/\/www.muniolopa.gob.gt\/wp-content\/uploads\/2025\/01\/image7-10-300x225.jpeg\" class=\"attachment-medium size-medium wp-image-11565\" alt=\"\" srcset=\"https:\/\/www.muniolopa.gob.gt\/wp-content\/uploads\/2025\/01\/image7-10-300x225.jpeg 300w, https:\/\/www.muniolopa.gob.gt\/wp-content\/uploads\/2025\/01\/image7-10.jpeg 640w\" sizes=\"(max-width: 300px) 100vw, 300px\" \/><\/div><\/a>\n\t\t\t\t<div class=\"elementor-post__badge\">Noticias<\/div>\n\t\t\t\t<div class=\"elementor-post__text\">\n\t\t\t\t<h3 class=\"elementor-post__title\">\n\t\t\t<a href=\"https:\/\/www.muniolopa.gob.gt\/index.php\/2025\/01\/22\/entrega-de-alimentos-al-tercer-grupo-de-olopenses\/\" >\n\t\t\t\tEntrega de alimentos al tercer grupo de Olopenses\t\t\t<\/a>\n\t\t<\/h3>\n\t\t\t\t<div class=\"elementor-post__excerpt\">\n\t\t\t<p>Se realizo la entrega de alimentos al tercer grupo de beneficiarios, avanzando casi al 100% de las personas contempladas en este programa. Nos sentimos profundamente<\/p>\n\t\t<\/div>\n\t\t\n\t\t<a class=\"elementor-post__read-more\" href=\"https:\/\/www.muniolopa.gob.gt\/index.php\/2025\/01\/22\/entrega-de-alimentos-al-tercer-grupo-de-olopenses\/\" aria-label=\"Read more about Entrega de alimentos al tercer grupo de Olopenses\" >\n\t\t\tLeer m\u00e1s\t\t<\/a>\n\n\t\t\t\t<\/div>\n\t\t\t\t<div class=\"elementor-post__meta-data\">\n\t\t\t\t\t<span class=\"elementor-post-date\">\n\t\t\t22 de enero de 2025\t\t<\/span>\n\t\t\t\t<span class=\"elementor-post-avatar\">\n\t\t\tNo hay comentarios\t\t<\/span>\n\t\t\t\t<\/div>\n\t\t\t\t\t<\/div>\n\t\t<\/article>\n\t\t\t\t<article class=\"elementor-post elementor-grid-item post-11554 post type-post status-publish format-gallery has-post-thumbnail hentry category-noticias category-recreacion post_format-post-format-gallery\">\n\t\t\t<div class=\"elementor-post__card\">\n\t\t\t\t<a class=\"elementor-post__thumbnail__link\" href=\"https:\/\/www.muniolopa.gob.gt\/index.php\/2025\/01\/22\/tarde-recreativa-en-la-comunidad-de-el-chucte-centro\/\" ><div class=\"elementor-post__thumbnail\"><img loading=\"lazy\" decoding=\"async\" width=\"300\" height=\"225\" src=\"https:\/\/www.muniolopa.gob.gt\/wp-content\/uploads\/2025\/01\/image6-9-300x225.jpeg\" class=\"attachment-medium size-medium wp-image-11556\" alt=\"\" srcset=\"https:\/\/www.muniolopa.gob.gt\/wp-content\/uploads\/2025\/01\/image6-9-300x225.jpeg 300w, https:\/\/www.muniolopa.gob.gt\/wp-content\/uploads\/2025\/01\/image6-9.jpeg 640w\" sizes=\"(max-width: 300px) 100vw, 300px\" \/><\/div><\/a>\n\t\t\t\t<div class=\"elementor-post__badge\">Noticias<\/div>\n\t\t\t\t<div class=\"elementor-post__text\">\n\t\t\t\t<h3 class=\"elementor-post__title\">\n\t\t\t<a href=\"https:\/\/www.muniolopa.gob.gt\/index.php\/2025\/01\/22\/tarde-recreativa-en-la-comunidad-de-el-chucte-centro\/\" >\n\t\t\t\tTarde Recreativa en la Comunidad de El Chucte, Centro\t\t\t<\/a>\n\t\t<\/h3>\n\t\t\t\t<div class=\"elementor-post__excerpt\">\n\t\t\t<p>La Oficina Municipal de la Ni\u00f1ez y Adolescencia se hizo presente en la comunidad de El Chucte, Centro, para llevar a cabo una Tarde Recreativa<\/p>\n\t\t<\/div>\n\t\t\n\t\t<a class=\"elementor-post__read-more\" href=\"https:\/\/www.muniolopa.gob.gt\/index.php\/2025\/01\/22\/tarde-recreativa-en-la-comunidad-de-el-chucte-centro\/\" aria-label=\"Read more about Tarde Recreativa en la Comunidad de El Chucte, Centro\" >\n\t\t\tLeer m\u00e1s\t\t<\/a>\n\n\t\t\t\t<\/div>\n\t\t\t\t<div class=\"elementor-post__meta-data\">\n\t\t\t\t\t<span class=\"elementor-post-date\">\n\t\t\t22 de enero de 2025\t\t<\/span>\n\t\t\t\t<span class=\"elementor-post-avatar\">\n\t\t\tNo hay comentarios\t\t<\/span>\n\t\t\t\t<\/div>\n\t\t\t\t\t<\/div>\n\t\t<\/article>\n\t\t\t\t<article class=\"elementor-post elementor-grid-item post-11537 post type-post status-publish format-gallery has-post-thumbnail hentry category-seguridad-alimentaria-y-nutricional post_format-post-format-gallery\">\n\t\t\t<div class=\"elementor-post__card\">\n\t\t\t\t<a class=\"elementor-post__thumbnail__link\" href=\"https:\/\/www.muniolopa.gob.gt\/index.php\/2025\/01\/17\/entrega-de-alimentos-al-primer-grupo-de-790-personas-de-un-total-de-2701-beneficiarios\/\" ><div class=\"elementor-post__thumbnail\"><img loading=\"lazy\" decoding=\"async\" width=\"300\" height=\"225\" src=\"https:\/\/www.muniolopa.gob.gt\/wp-content\/uploads\/2025\/01\/image3-17-300x225.jpeg\" class=\"attachment-medium size-medium wp-image-11548\" alt=\"\" srcset=\"https:\/\/www.muniolopa.gob.gt\/wp-content\/uploads\/2025\/01\/image3-17-300x225.jpeg 300w, https:\/\/www.muniolopa.gob.gt\/wp-content\/uploads\/2025\/01\/image3-17.jpeg 640w\" sizes=\"(max-width: 300px) 100vw, 300px\" \/><\/div><\/a>\n\t\t\t\t<div class=\"elementor-post__badge\">Seguridad Alimentaria y Nutricional<\/div>\n\t\t\t\t<div class=\"elementor-post__text\">\n\t\t\t\t<h3 class=\"elementor-post__title\">\n\t\t\t<a href=\"https:\/\/www.muniolopa.gob.gt\/index.php\/2025\/01\/17\/entrega-de-alimentos-al-primer-grupo-de-790-personas-de-un-total-de-2701-beneficiarios\/\" >\n\t\t\t\tEntrega de alimentos al primer grupo de 790 personas de un total de 2,701 beneficiarios\t\t\t<\/a>\n\t\t<\/h3>\n\t\t\t\t<div class=\"elementor-post__excerpt\">\n\t\t\t<p>Con gran alegr\u00eda compartimos estas fotograf\u00edas del primer grupo de familias beneficiadas con alimentos, una acci\u00f3n que busca combatir la malnutrici\u00f3n en nuestro municipio y<\/p>\n\t\t<\/div>\n\t\t\n\t\t<a class=\"elementor-post__read-more\" href=\"https:\/\/www.muniolopa.gob.gt\/index.php\/2025\/01\/17\/entrega-de-alimentos-al-primer-grupo-de-790-personas-de-un-total-de-2701-beneficiarios\/\" aria-label=\"Read more about Entrega de alimentos al primer grupo de 790 personas de un total de 2,701 beneficiarios\" >\n\t\t\tLeer m\u00e1s\t\t<\/a>\n\n\t\t\t\t<\/div>\n\t\t\t\t<div class=\"elementor-post__meta-data\">\n\t\t\t\t\t<span class=\"elementor-post-date\">\n\t\t\t17 de enero de 2025\t\t<\/span>\n\t\t\t\t<span class=\"elementor-post-avatar\">\n\t\t\tNo hay comentarios\t\t<\/span>\n\t\t\t\t<\/div>\n\t\t\t\t\t<\/div>\n\t\t<\/article>\n\t\t\t\t<article class=\"elementor-post elementor-grid-item post-11534 post type-post status-publish format-gallery has-post-thumbnail hentry category-noticias post_format-post-format-gallery\">\n\t\t\t<div class=\"elementor-post__card\">\n\t\t\t\t<a class=\"elementor-post__thumbnail__link\" href=\"https:\/\/www.muniolopa.gob.gt\/index.php\/2025\/01\/17\/gracias-por-un-ano-de-confianza-y-trabajo-en-equipo\/\" ><div class=\"elementor-post__thumbnail\"><img loading=\"lazy\" decoding=\"async\" width=\"300\" height=\"252\" src=\"https:\/\/www.muniolopa.gob.gt\/wp-content\/uploads\/2025\/01\/image0-29-300x252.jpeg\" class=\"attachment-medium size-medium wp-image-11535\" alt=\"\" srcset=\"https:\/\/www.muniolopa.gob.gt\/wp-content\/uploads\/2025\/01\/image0-29-300x252.jpeg 300w, https:\/\/www.muniolopa.gob.gt\/wp-content\/uploads\/2025\/01\/image0-29.jpeg 640w\" sizes=\"(max-width: 300px) 100vw, 300px\" \/><\/div><\/a>\n\t\t\t\t<div class=\"elementor-post__badge\">Noticias<\/div>\n\t\t\t\t<div class=\"elementor-post__text\">\n\t\t\t\t<h3 class=\"elementor-post__title\">\n\t\t\t<a href=\"https:\/\/www.muniolopa.gob.gt\/index.php\/2025\/01\/17\/gracias-por-un-ano-de-confianza-y-trabajo-en-equipo\/\" >\n\t\t\t\tGracias por un a\u00f1o de confianza y trabajo en equipo\t\t\t<\/a>\n\t\t<\/h3>\n\t\t\t\t<div class=\"elementor-post__excerpt\">\n\t\t\t<p>Hace un a\u00f1o, asum\u00ed el honor y la responsabilidad de ser alcalde de este municipio que tanto amo. Hoy, no quiero m\u00e1s que agradecerles, de<\/p>\n\t\t<\/div>\n\t\t\n\t\t<a class=\"elementor-post__read-more\" href=\"https:\/\/www.muniolopa.gob.gt\/index.php\/2025\/01\/17\/gracias-por-un-ano-de-confianza-y-trabajo-en-equipo\/\" aria-label=\"Read more about Gracias por un a\u00f1o de confianza y trabajo en equipo\" >\n\t\t\tLeer m\u00e1s\t\t<\/a>\n\n\t\t\t\t<\/div>\n\t\t\t\t<div class=\"elementor-post__meta-data\">\n\t\t\t\t\t<span class=\"elementor-post-date\">\n\t\t\t17 de enero de 2025\t\t<\/span>\n\t\t\t\t<span class=\"elementor-post-avatar\">\n\t\t\tNo hay comentarios\t\t<\/span>\n\t\t\t\t<\/div>\n\t\t\t\t\t<\/div>\n\t\t<\/article>\n\t\t\t\t<\/div>\n\t\t\n\t\t\t\t<\/div>\n\t\t\t\t<\/div>\n\t\t\t\t\t<\/div>\n\t\t<\/div>\n\t\t\t\t\t<\/div>\n\t\t<\/section>\n\t\t\t\t<section class=\"elementor-section elementor-top-section elementor-element elementor-element-0746932 elementor-section-boxed elementor-section-height-default elementor-section-height-default\" data-id=\"0746932\" data-element_type=\"section\">\n\t\t\t\t\t\t<div class=\"elementor-container elementor-column-gap-default\">\n\t\t\t\t\t<div class=\"elementor-column elementor-col-100 elementor-top-column elementor-element elementor-element-a58bc38\" data-id=\"a58bc38\" data-element_type=\"column\">\n\t\t\t<div class=\"elementor-widget-wrap elementor-element-populated\">\n\t\t\t\t\t\t<div class=\"elementor-element elementor-element-61014d0 elementor-widget elementor-widget-wp-widget-widget_featured_jobs\" data-id=\"61014d0\" data-element_type=\"widget\" data-widget_type=\"wp-widget-widget_featured_jobs.default\">\n\t\t\t\t<div class=\"elementor-widget-container\">\n\t\t\t\n\t\t\t\n\t\t\t\t\t<\/div>\n\t\t\t\t<\/div>\n\t\t\t\t\t<\/div>\n\t\t<\/div>\n\t\t\t\t\t<\/div>\n\t\t<\/section>\n\t\t\t\t<div class=\"elementor-section elementor-top-section elementor-element elementor-element-bf7f452 elementor-section-boxed elementor-section-height-default elementor-section-height-default\" data-id=\"bf7f452\" data-element_type=\"section\">\n\t\t\t\t\t\t<div class=\"elementor-container elementor-column-gap-default\">\n\t\t\t\t\t<div class=\"elementor-column elementor-col-100 elementor-top-column elementor-element elementor-element-49b7e34\" data-id=\"49b7e34\" data-element_type=\"column\">\n\t\t\t<div class=\"elementor-widget-wrap elementor-element-populated\">\n\t\t\t\t\t\t<div class=\"elementor-element elementor-element-e816bc3 elementor-widget elementor-widget-spacer\" data-id=\"e816bc3\" data-element_type=\"widget\" data-widget_type=\"spacer.default\">\n\t\t\t\t<div class=\"elementor-widget-container\">\n\t\t\t\t\t<div class=\"elementor-spacer\">\n\t\t\t<div class=\"elementor-spacer-inner\"><\/div>\n\t\t<\/div>\n\t\t\t\t<\/div>\n\t\t\t\t<\/div>\n\t\t\t\t\t<\/div>\n\t\t<\/div>\n\t\t\t\t\t<\/div>\n\t\t<\/div>\n\t\t\t\t<\/div>\n\t\t","protected":false},"excerpt":{"rendered":"<p>Ultimas Noticias<\/p>\n","protected":false},"author":1,"featured_media":0,"parent":0,"menu_order":0,"comment_status":"closed","ping_status":"closed","template":"","meta":{"footnotes":""},"class_list":["post-359","page","type-page","status-publish","hentry"],"_links":{"self":[{"href":"https:\/\/www.muniolopa.gob.gt\/index.php\/wp-json\/wp\/v2\/pages\/359","targetHints":{"allow":["GET"]}}],"collection":[{"href":"https:\/\/www.muniolopa.gob.gt\/index.php\/wp-json\/wp\/v2\/pages"}],"about":[{"href":"https:\/\/www.muniolopa.gob.gt\/index.php\/wp-json\/wp\/v2\/types\/page"}],"author":[{"embeddable":true,"href":"https:\/\/www.muniolopa.gob.gt\/index.php\/wp-json\/wp\/v2\/users\/1"}],"replies":[{"embeddable":true,"href":"https:\/\/www.muniolopa.gob.gt\/index.php\/wp-json\/wp\/v2\/comments?post=359"}],"version-history":[{"count":149,"href":"https:\/\/www.muniolopa.gob.gt\/index.php\/wp-json\/wp\/v2\/pages\/359\/revisions"}],"predecessor-version":[{"id":11613,"href":"https:\/\/www.muniolopa.gob.gt\/index.php\/wp-json\/wp\/v2\/pages\/359\/revisions\/11613"}],"wp:attachment":[{"href":"https:\/\/www.muniolopa.gob.gt\/index.php\/wp-json\/wp\/v2\/media?parent=359"}],"curies":[{"name":"wp","href":"https:\/\/api.w.org\/{rel}","templated":true}]}}